 Calculate the remainder when o is divided by 20.
19
Suppose 2*k - 7*k = z - 87, 0 = 4*z + 5*k - 288. Suppose 19*a = 15*a + 68. Calculate the remainder when z is divided by a.
16
Let d be (2 + -1)/(1 - 3/2). Calculate the remainder when 2/d + 54/(4 + -2) is divided by 7.
5
Let r = -3038 + 4256. What is the remainder when r is divided by 26?
22
Let a(h) = h**2 + 5*h - 2. Let q(m) be the second derivative of 2*m**3/3 - 3*m**2 - 9*m. Calculate the remainder when q(10) is divided by a(-7).
10
Suppose 0 = -6*b + 125 + 247. Suppose 4*k - 5*g - 63 = 0, -k + 16 = -4*g + 3. What is the remainder when b is divided by k?
11
Suppose -4400 = -3576*i + 3521*i. Calculate the remainder when i is divided by (-36)/2*2/(-4).
8
Let n(g) = 9*g**2 - 2*g - 5. Let l be n(2). Suppose -l + 47 = 4*w. What is the remainder when 18 is divided by w?
3
Suppose 0 = -6*b + 3*b - 6*y + 798, 0 = -b - 4*y + 260. What is the remainder when b is divided by 71?
59
Suppose 3*s = 7*s - 324. Let a = -52 + s. Calculate the remainder when a is divided by 4.
1
Suppose 2*y - 7 = 3*t + 31, -y + 9 = -4*t. Suppose -15 = -4*f + y. What is the remainder when f is divided by 3?
1
Let k = -3 + 5. Let i(y) = -2*y**3 - 5*y**3 - 26*y**k - 1 + 13*y**2 - y + 12*y**2. What is the remainder when i(-2) is divided by 18?
17
Let b = -639 + 815. Calculate the remainder when b is divided by 30.
26
Suppose -2*v + 4*v = 0. Let q(d) = 3*d - 110. Let a(r) = 2*r - 110. Let l(i) = -4*a(i) + 3*q(i). Calculate the remainder when l(v) is divided by 28.
26
Suppose 4*i + i - 200 = 0. What is the remainder when (6/(-2))/(-12 - (-4203)/351) is divided by i?
37
Suppose -5*o + 142 = -58. Suppose -6*p = -2*p - o. What is the remainder when 55 is divided by p?
5
Let n = 1811 - 1488. Calculate the remainder when n is divided by 75.
23
Let b(k) = 164*k**2 + 9*k + 4. Calculate the remainder when b(-1) is divided by 49.
12
Let y be 24/(-40) - (-57)/(-5). Let f(x) = -x**3 - 12*x**2 + 6*x - 13. Let v be f(y). Calculate the remainder when 5 - 1 - (v - -4) is divided by 22.
19
Let i(d) = -d**3 + 17*d**2 - 52*d - 7. Calculate the remainder when i(12) is divided by 30.
29
Let n(r) = r**2 - 9*r + 14. Let t be n(10). Suppose -3*m - m = -t. What is the remainder when 1/(((-21)/(-7))/87) is divided by m?
5
Let c be -2 + 4 - (1 - -4). Let i be -2 + 0 + 8 + c. Suppose 3*p + 5*r = p + 21, 2*r = i*p - 79. What is the remainder when p is divided by 12?
11
Let t = -17 - -15. Suppose 5*r = 350 - 15. What is the remainder when r is divided by t/(-9) + 151/9?
16
Suppose -10 = -2*u, 8*v - 3*v - 4*u = 5. Suppose 4*g - 2*r - 52 = 0, 3*r = -3*g + 10 + 20. Calculate the remainder when g is divided by v.
2
Let v = -1353 - -1411. Calculate the remainder when 753 is divided by v.
57
Suppose -13 + 90 = 7*f. Let c be 26/12 + 2/(-12). What is the remainder when c + (-7)/(14/(-36)) is divided by f?
9
Let g = 1981 + -1141. What is the remainder when g is divided by 29?
28
Let k(d) = 22*d + 155. What is the remainder when k(-3) is divided by 23?
20
What is the remainder when 2/((6/(-146))/((-33)/22)) is divided by 39?
34
Suppose 555 = 7*f - 2*f. Suppose -4*q = 5*y - 116 + 4, 56 = 2*q + 2*y. What is the remainder when f is divided by q?
27
Suppose -2*v - 14*t = -15*t - 23, -13 = -2*v - t. What is the remainder when 43 is divided by v?
7
Let y = 30 - 27. Suppose -6*v + 141 = -y*v. What is the remainder when v is divided by 12?
11
Let t(h) = -4*h - 19. Let a be t(-6). Suppose -3*g - 3*n = -840, -a*g + 2*n + 610 = -776. Calculate the remainder when g is divided by 56.
54
Let l(s) = 12*s - 25. Calculate the remainder when 92 is divided by l(6).
45
Let b = 176 - 172. What is the remainder when 47 is divided by b?
3
Let f = -196 + 376. Suppose 25 = 5*s - f. What is the remainder when 80 is divided by s?
39
Let z(v) = 10*v**3 + 3*v**2 + 3*v - 4. Suppose h + 3*f - 26 = 0, 6*h = 2*h + 3*f + 149. Calculate the remainder when h is divided by z(1).
11
Suppose r - 3 + 0 = 0. Suppose 4*f = 4*a - 56, r*f - 8*f + 49 = 2*a. What is the remainder when 29 is divided by a?
12
Suppose 0 = -v - 3*v + 28. Let x be ((-5)/(-3))/(80/15 + -5). Suppose -2*d - x*o + 29 = 11, 50 = 2*d - 3*o. Calculate the remainder when d is divided by v.
5
Suppose 0 = q + 2*w, 5*w + 3 = -5*q - 2. What is the remainder when (-2152)/(-12) - (-1)/6*q is divided by 30?
29
Suppose -118*v + 121*v = 39. What is the remainder when 215 is divided by v?
7
Let q = -368 + 388. What is the remainder when 33 is divided by q?
13
Let t be (-2)/(-4)*0 - -6. Let x = 253 + -218. Calculate the remainder when x is divided by ((-27)/t)/((-2)/4).
8
Suppose -2*j - 9 = 11. Let v(q) = q**3 + 10*q**2 + 3. Let w be v(j). Suppose -h + 5*p + w = -3, 1 = p. What is the remainder when 43 is divided by h?
10
Let s(h) = -4*h**3 + 3*h**2 - 2*h. Let u be s(2). Let o = -14 - u. Let q = 13 + o. What is the remainder when q is divided by 6?
5
Suppose 21*v + 265 = 1609. What is the remainder when v is divided by 22?
20
Suppose 2*a = 4*a - 6. Let r(q) = 2*q**a + 4 - 8 + 3 + q**3 - q**2. What is the remainder when 75 is divided by r(2)?
18
Let h(v) = 2*v**2 - 3*v. Calculate the remainder when h(3) is divided by (24/20)/((-15)/125*-5).
1
Let q be 15/10*(1 - 3). Let j = 11 - q. Suppose 0 = -g + 30 - j. What is the remainder when 62 is divided by g?
14
Let l be 296*(36/8)/9. Suppose 9 = i + 4*m - 3, 0 = 5*i - 2*m - l. What is the remainder when 55 is divided by i?
27
Let q be 1 - 1 - 5/(-1). Suppose -2*z - 12 = -q*z. What is the remainder when 1/(-2) + 38/4 is divided by z?
1
Let o(u) = -u**3 - u**2 - u + 13. Let f be o(0). Let z = 17 - f. Suppose z*s - 130 = h + 2*h, 4*s + 3*h = 142. Calculate the remainder when s is divided by 13.
8
Suppose 69 + 391 = 23*j. What is the remainder when 92 is divided by j?
12
Suppose -6*d = -d - 2*w + 4, 0 = 4*d - w + 2. Suppose d = -0*k - 3*k, -3*k = -f + 36. Suppose -3*b + 0*b = -f. What is the remainder when 44 is divided by b?
8
Let w be (-6)/24*18 + (-1)/2. Let f(p) = 8 - 2*p - 15 + 4*p**2 + 5*p. Calculate the remainder when f(w) is divided by 16.
14
Calculate the remainder when 37 is divided by (-20)/(-80) - (-46)/8.
1
Suppose 11*v - 6*v = -2*q + 582, 4*q - 1128 = -v. What is the remainder when q is divided by 71?
68
Let v(h) = -31*h - 23. Calculate the remainder when 110 is divided by v(-2).
32
Suppose -232 - 24 = -8*c. Calculate the remainder when c is divided by 13.
6
Let h(p) = -p - 2. Let b be h(-5). Suppose -r + 5 + 0 = -4*s, 0 = b*r + 2*s - 29. Calculate the remainder when 51 is divided by (-8)/12 + 123/r.
12
Suppose -4*u = 5*h - 50, h + u + 4 = 3*u. What is the remainder when 28 is divided by h?
4
Let b(h) = -h**3 + 6*h**2 - 4*h - 1. What is the remainder when 45 is divided by b(5)?
1
Suppose -3*r + 94 = -0*r - 4*t, 4*r = -2*t + 96. Calculate the remainder when (6*-56)/(-3) - (-54)/(-6) is divided by r.
25
Let f(x) = 22*x - 94. Calculate the remainder when f(10) is divided by 26.
22
Suppose 10*m - 278 = -4*t + 12*m, -211 = -3*t + m. Calculate the remainder when t is divided by (-1)/(-2)*(73 + 1).
35
What is the remainder when 503 is divided by (9/(-12))/((-2443)/(-616) + -4)?
19
Suppose 0 = 24*c - 26*c. Suppose 0 = 3*r - 3, 2*u - 4*r + 0*r - 42 = c. Calculate the remainder when 44 is divided by u.
21
Suppose 0*n + 2*n = -3*w + 888, -w - 1776 = -4*n. Suppose -17*i + 5*i = -n. Let u(m) = 37*m**2 + m + 1. What is the remainder when u(-2) is divided by i?
36
Let f = 88 + -80. Calculate the remainder when 60 is divided by f.
4
Calculate the remainder when 87 is divided by (114/15)/(6*7/105).
11
Let b(r) = 6*r + 28 + 6*r - 2 - r**2. What is the remainder when 49 + -4 - (-2)/1 is divided by b(13)?
8
Let c(p) = -2*p - 10. What is the remainder when 146 is divided by c(-31)?
42
Suppose -120*r = -5*x - 125*r + 190, -x + 4*r + 23 = 0. What is the remainder when 49 is divided by x?
14
Let r(s) = s**3 - 7*s**2 + 13*s - 4. Let y be r(4). Suppose y = -2*d + 5*d - 6. Calculate the remainder when 7 is divided by d.
1
Let v = -54 + 81. Let y(r) = r**2 + 9*r + 2. Let f be y(-9). Suppose 4*l = -f*b + 47 + 3, 2*b = 3*l - 20. Calculate the remainder when v is divided by l.
7
Let o = 1 + 1. Suppose o*r = -3*r + 20. Suppose 2 = -5*s + 67. What is the remainder when s is divided by r?
1
Suppose -3*z + 9 = -3. Let y = 80 - 5